 prime factors of 159822?
2, 3, 13, 683
List the prime factors of 8511254.
2, 17, 173, 1447
What are the prime factors of 19210316?
2, 1987, 2417
List the prime factors of 268376.
2, 33547
What are the prime factors of 1229102?
2, 7, 87793
List the prime factors of 51705.
3, 5, 383
What are the prime factors of 127503?
3, 31, 457
What are the prime factors of 13389806?
2, 73, 91711
What are the prime factors of 1403827?
1403827
What are the prime factors of 20745454?
2, 19, 545933
List the prime factors of 42960.
2, 3, 5, 179
List the prime factors of 5524271.
5524271
What are the prime factors of 11058417?
3, 67, 6113
List the prime factors of 289239.
3, 67, 1439
What are the prime factors of 152120?
2, 5, 3803
List the prime factors of 446112.
2, 3, 1549
What are the prime factors of 1949878?
2, 7, 41, 43, 79
List the prime factors of 149829.
3, 49943
What are the prime factors of 13889523?
3, 4629841
What are the prime factors of 1961272?
2, 61, 4019
What are the prime factors of 22805191?
22805191
What are the prime factors of 577109?
13, 103, 431
What are the prime factors of 838034?
2, 223, 1879
What are the prime factors of 4112597?
4112597
List the prime factors of 12305496.
2, 3, 7, 89, 823
List the prime factors of 475625.
5, 761
List the prime factors of 3262695.
3, 5, 443, 491
List the prime factors of 330943.
330943
What are the prime factors of 7002283?
17, 277, 1487
What are the prime factors of 1908637?
1229, 1553
List the prime factors of 1386637.
7, 198091
List the prime factors of 440941.
440941
What are the prime factors of 19549002?
2, 3, 11, 26927
What are the prime factors of 1905113?
7, 23, 11833
What are the prime factors of 8841778?
2, 11, 53, 7583
List the prime factors of 407112.
2, 3, 16963
List the prime factors of 6344925.
3, 5, 31, 2729
List the prime factors of 12681451.
193, 65707
List the prime factors of 4315407.
3, 911, 1579
List the prime factors of 1765285.
5, 353057
List the prime factors of 46253.
23, 2011
What are the prime factors of 41855852?
2, 10463963
What are the prime factors of 2788480?
2, 5, 4357
What are the prime factors of 454076?
2, 7, 16217
What are the prime factors of 3217014?
2, 3, 313, 571
What are the prime factors of 258044?
2, 31, 2081
What are the prime factors of 887157?
3, 98573
List the prime factors of 2370969.
3, 131, 2011
List the prime factors of 732542.
2, 47, 7793
What are the prime factors of 56932?
2, 43, 331
List the prime factors of 77979.
3, 11, 17, 139
List the prime factors of 1492606.
2, 746303
What are the prime factors of 169733?
169733
List the prime factors of 10511924.
2, 2627981
What are the prime factors of 1347129?
3, 7, 21383
List the prime factors of 939683.
19, 137
List the prime factors of 11095327.
11095327
What are the prime factors of 1077909?
3, 7, 51329
List the prime factors of 1201026.
2, 3, 200171
What are the prime factors of 4142630?
2, 5, 349, 1187
List the prime factors of 2922496.
2, 1427
List the prime factors of 1385989.
11, 163, 773
List the prime factors of 308802.
2, 3, 13, 37, 107
What are the prime factors of 18387591?
3, 17, 360541
What are the prime factors of 561329?
83, 6763
What are the prime factors of 481940?
2, 5, 24097
List the prime factors of 37593.
3, 4177
What are the prime factors of 765472?
2, 19, 1259
List the prime factors of 38983539.
3, 7, 47, 127, 311
What are the prime factors of 1290632?
2, 7, 19, 1213
List the prime factors of 3231913.
37, 113, 773
List the prime factors of 97951.
7, 1999
List the prime factors of 626302.
2, 313151
What are the prime factors of 919647?
3, 34061
List the prime factors of 1066311.
3, 73, 541
What are the prime factors of 13651472?
2, 853217
List the prime factors of 17912577.
3, 17, 59, 5953
What are the prime factors of 435196?
2, 108799
What are the prime factors of 24886732?
2, 13, 19, 25189
What are the prime factors of 122696?
2, 7, 313
What are the prime factors of 1096079?
1096079
List the prime factors of 6545944.
2, 571, 1433
What are the prime factors of 11426271?
3, 3808757
What are the prime factors of 272969?
17, 16057
What are the prime factors of 1339854?
2, 3, 107, 2087
List the prime factors of 2437719.
3, 19, 42767
What are the prime factors of 3974867?
13, 305759
What are the prime factors of 376514?
2, 79, 2383
What are the prime factors of 1719298?
2, 7, 227, 541
What are the prime factors of 24545337?
3, 857, 9547
List the prime factors of 54925.
5, 13
List the prime factors of 400388.
2, 199, 503
List the prime factors of 6073888.
2, 347, 547
What are the prime factors of 21448995?
3, 5, 23, 62171
List the prime factors of 543849.
3, 181283
List the prime factors of 161838.
2, 3, 37
What are the prime factors of 164602?
2, 82301
What are the prime factors of 4716820?
2, 5, 17, 13873
List the prime factors of 6777180.
2, 3, 5, 23, 1637
What are the prime factors of 289504?
2, 83, 109
List the prime factors of 146389.
146389
What are the prime factors of 693497?
7, 14153
List the prime factors of 81353.
81353
What are the prime factors of 7780850?
2, 5, 7, 11, 43, 47
What are the prime factors of 5035196?
2, 17, 74047
List the prime factors of 6312052.
2, 37, 42649
What are the prime factors of 442409?
11, 37, 1087
What are the prime factors of 693138?
2, 3, 115523
List the prime factors of 1617970.
2, 5, 137, 1181
List the prime factors of 4681931.
1459, 3209
What are the prime factors of 32806631?
11, 13, 383, 599
List the prime factors of 2082485.
5, 416497
List the prime factors of 857428.
2, 11, 13, 1499
List the prime factors of 5689671.
3, 13, 23, 6343
List the prime factors of 1551124.
2, 387781
What are the prime factors of 16048442?
2, 17, 317, 1489
List the prime factors of 3758304.
2, 3, 11, 3559
What are the prime factors of 9031259?
9031259
What are the prime factors of 209971?
209971
What are the prime factors of 133560?
2, 3, 5, 7, 53
List the prime factors of 34451.
47, 733
What are the prime factors of 1530963?
3, 7, 19, 1279
What are the prime factors of 447400?
2, 5, 2237
List the prime factors of 1222240.
2, 5, 7639
List the prime factors of 2962467.
3, 109721
What are the prime factors of 1388119?
23, 60353
What are the prime factors of 1448035?
5, 289607
What are the prime factors of 17916292?
2, 4479073
List the prime factors of 33757235.
5, 127, 53161
What are the prime factors of 11545427?
1877, 6151
What are the prime factors of 5385364?
2, 1346341
List the prime factors of 14748361.
14748361
List the prime factors of 715995.
3, 5, 7, 2273
List the prime factors of 3234409.
163, 19843
List the prime factors of 293721.
3, 19, 5153
List the prime factors of 884301.
3, 11, 127, 211
What are the prime factors of 2581081?
2581081
List the prime factors of 326669.
7, 23, 2029
List the prime factors of 6664.
2, 7, 17
What are the prime factors of 935219?
641, 1459
List the prime factors of 4264501.
17, 250853
What are the prime factors of 194840?
2, 5, 4871
List the prime factors of 688611.
3, 7, 11, 271
List the prime factors of 5230371.
3, 1743457
List the prime factors of 11126.
2, 5563
What are the prime factors of 4825441?
4825441
What are the prime factors of 20434114?
2, 863, 11839
List the prime factors of 14283949.
41, 348389
List the prime factors of 7702932.
2, 3, 71, 9041
List the prime factors of 21884405.
5, 4376881
List the prime factors of 5035927.
13, 17, 22787
List the prime factors of 7558877.
7558877
What are the prime factors of 19458805?
5, 23, 41, 4127
List the prime factors of 4542137.
823, 5519
What are the prime factors of 137429?
53, 2593
List the prime factors of 32274987.
3, 10758329
What are the prime factors of 1809956?
2, 17, 43, 619
List the prime factors of 6293880.
2, 3, 5, 17483
What are the prime factors of 16457797?
179, 91943
What are the prime factors of 1097349?
3, 11, 3023
List the prime factors of 11765.
5, 13, 181
List the prime factors of 9028281.
3, 349, 8623
List the prime factors of 16151682.
2, 3, 31, 86837
List the prime factors of 1106671.
1106671
List the prime factors of 1199672.
2, 29, 5171
List the prime factors of 4786497.
3, 531833
List the prime factors of 9448.
2, 1181
What are the prime factors of 2692415?
5, 11, 48953
What are the prime factors of 555129?
3, 61681
List the 